?
19
What is the remainder when 502 is divided by 101?
98
Calculate the remainder when 4440 is divided by 139.
131
What is the remainder when 136 is divided by 47?
42
What is the remainder when 1349 is divided by 10?
9
What is the remainder when 2371 is divided by 55?
6
Calculate the remainder when 142 is divided by 44.
10
Calculate the remainder when 331 is divided by 23.
9
What is the remainder when 148 is divided by 32?
20
Calculate the remainder when 1011 is divided by 33.
21
What is the remainder when 722 is divided by 33?
29
What is the remainder when 1002 is divided by 244?
26
Calculate the remainder when 1607 is divided by 2.
1
Calculate the remainder when 1543 is divided by 18.
13
Calculate the remainder when 105 is divided by 5.
0
What is the remainder when 114 is divided by 20?
14
What is the remainder when 2208 is divided by 11?
8
What is the remainder when 226 is divided by 58?
52
What is the remainder when 67 is divided by 25?
17
What is the remainder when 642 is divided by 14?
12
What is the remainder when 703 is divided by 16?
15
Calculate the remainder when 36 is divided by 28.
8
What is the remainder when 3719 is divided by 93?
92
What is the remainder when 609 is divided by 58?
29
What is the remainder when 1765 is divided by 583?
16
What is the remainder when 533 is divided by 277?
256
Calculate the remainder when 51 is divided by 18.
15
Calculate the remainder when 66 is divided by 29.
8
Calculate the remainder when 142 is divided by 30.
22
Calculate the remainder when 456 is divided by 21.
15
What is the remainder when 1379 is divided by 20?
19
What is the remainder when 357 is divided by 9?
6
Calculate the remainder when 151 is divided by 51.
49
What is the remainder when 45 is divided by 33?
12
What is the remainder when 31 is divided by 7?
3
What is the remainder when 321 is divided by 43?
20
Calculate the remainder when 1318 is divided by 51.
43
Calculate the remainder when 323 is divided by 21.
8
Calculate the remainder when 430 is divided by 109.
103
Calculate the remainder when 947 is divided by 136.
131
What is the remainder when 13 is divided by 6?
1
Calculate the remainder when 72 is divided by 54.
18
Calculate the remainder when 258 is divided by 44.
38
Calculate the remainder when 95 is divided by 50.
45
What is the remainder when 2719 is divided by 17?
16
What is the remainder when 903 is divided by 145?
33
What is the remainder when 195 is divided by 54?
33
What is the remainder when 12828 is divided by 1166?
2
Calculate the remainder when 3462 is divided by 35.
32
What is the remainder when 114 is divided by 17?
12
What is the remainder when 319 is divided by 19?
15
Calculate the remainder when 34 is divided by 5.
4
Calculate the remainder when 214 is divided by 63.
25
What is the remainder when 191 is divided by 31?
5
What is the remainder when 129 is divided by 67?
62
Calculate the remainder when 169 is divided by 30.
19
What is the remainder when 382 is divided by 64?
62
Calculate the remainder when 58 is divided by 13.
6
What is the remainder when 260 is divided by 42?
8
Calculate the remainder when 164 is divided by 35.
24
Calculate the remainder when 68 is divided by 28.
12
Calculate the remainder when 115 is divided by 62.
53
What is the remainder when 21 is divided by 17?
4
What is the remainder when 164 is divided by 17?
11
Calculate the remainder when 439 is divided by 26.
23
What is the remainder when 560 is divided by 4?
0
What is the remainder when 559 is divided by 46?
7
Calculate the remainder when 579 is divided by 81.
12
What is the remainder when 4586 is divided by 148?
146
Calculate the remainder when 387 is divided by 13.
10
Calculate the remainder when 47 is divided by 33.
14
Calculate the remainder when 1701 is divided by 129.
24
What is the remainder when 682 is divided by 38?
36
Calculate the remainder when 798 is divided by 25.
23
What is the remainder when 3377 is divided by 374?
11
Calculate the remainder when 3473 is divided by 1155.
8
Calculate the remainder when 403 is divided by 82.
75
What is the remainder when 309 is divided by 62?
61
What is the remainder when 63 is divided by 13?
11
What is the remainder when 816 is divided by 117?
114
What is the remainder when 6130 is divided by 14?
12
What is the remainder when 714 is divided by 246?
222
What is the remainder when 323 is divided by 288?
35
What is the remainder when 276 is divided by 90?
6
Calculate the remainder when 4249 is divided by 43.
35
Calculate the remainder when 47176 is divided by 19.
18
What is the remainder when 100 is divided by 27?
19
What is the remainder when 48 is divided by 5?
3
What is the remainder when 272 is divided by 31?
24
Calculate the remainder when 284 is divided by 35.
4
What is the remainder when 641 is divided by 221?
199
Calculate the remainder when 867 is divided by 433.
1
Calculate the remainder when 2108 is divided by 100.
8
Calculate the remainder when 403 is divided by 100.
3
Calculate the remainder when 126 is divided by 24.
6
What is the remainder when 3054 is divided by 73?
61
What is the remainder when 612 is divided by 272?
68
Calculate the remainder when 869 is divided by 24.
5
Calculate the remainder when 956 is divided by 108.
92
What is the remainder when 752 is divided by 21?
17
Calculate the remainder when 17 is divided by 7.
3
What is the remainder when 357 is divided by 36?
33
What is the remainder when 1193 is divided by 48?
41
What is the remainder when 1681 is divided by 187?
185
What is the remainder when 2848 is divided by 50?
48
Calculate the remainder when 7924 is divided by 25.
24
Calculate the remainder when 10237 is divided by 209.
205
Calculate the remainder when 77 is divided by 6.
5
Calculate the remainder when 114 is divided by 43.
28
What is the remainder when 160 is divided by 56?
48
Calculate the remainder when 7602 is divided by 117.
114
Calculate the remainder when 1049 is divided by 11.
4
What is the remainder when 138 is divided by 44?
6
Calculate the remainder when 425 is divided by 153.
119
What is the remainder when 80 is divided by 9?
8
Calculate the remainder when 509 is divided by 64.
61
What is the remainder when 37629 is divided by 224?
221
Calculate the remainder when 2772 is divided by 111.
108
What is the remainder when 9673 is divided by 129?
127
What is the remainder when 50 is divided by 11?
6
What is the remainder when 331 is divided by 20?
11
What is the remainder when 668 is divided by 67?
65
What is the remainder when 3437 is divided by 40?
37
What is the remainder when 1959 is divided by 7?
6
What is the remainder when 5604 is divided by 9?
6
Calculate the remainder when 96 is divided by 31.
3
What is the remainder when 46 is divided by 14?
4
Calculate the remainder when 246 is divided by 29.
14
What is the remainder when 280 is divided by 20?
0
What is the remainder when 8176 is divided by 264?
256
Calculate the remainder when 8927 is divided by 38.
35
Calculate the remainder when 153 is divided by 40.
33
Calculate the remainder when 760 is divided by 6.
4
Calculate the remainder when 83 is divided by 10.
3
What is the remainder when 1203 is divided by 218?
113
Calculate the remainder when 629 is divided by 103.
11
Calculate the remainder when 662 is divided by 170.
152
What is the remainder when 277 is divided by 72?
61
Calculate the remainder when 350 is divided by 8.
6
Calculate the remainder when 103 is divided by 44.
15
What is the remainder when 26 is divided by 9?
8
What is the remainder when 105 is divided by 44?
17
What is the remainder when 1098 is divided by 20?
18
What is the remainder when 183 is divided by 93?
90
Calculate the remainder when 3189 is divided by 10.
9
What is the remainder when 277 is divided by 9?
7
What is the remainder when 94 is divided by 32?
30
What is the remainder when 358 is divided by 91?
85
Calculate the remainder when 164 is divided by 34.
28
Calculate the remainder when 554 is divided by 62.
58
What is the remainder when 108 is divided by 100?
8
What is the remainder when 179 is divided by 52?
23
Calculate the remainder when 658 is divided by 636.
22
What is the remainder when 5799 is divided by 45?
39
Calculate the remainder when 1091 is divided by 63.
20
Calculate the remainder whe